{"id":195,"date":"2026-03-13T17:40:44","date_gmt":"2026-03-13T17:40:44","guid":{"rendered":"https:\/\/nortecoxinha.com.br\/blog\/?page_id=195"},"modified":"2026-03-14T15:55:45","modified_gmt":"2026-03-14T15:55:45","slug":"blog","status":"publish","type":"page","link":"https:\/\/nortecoxinha.com.br\/blog\/","title":{"rendered":"Blog"},"content":{"rendered":"\t\t<div data-elementor-type=\"wp-page\" data-elementor-id=\"195\" class=\"elementor elementor-195\" data-elementor-post-type=\"page\">\n\t\t\t\t<div class=\"elementor-element elementor-element-d77e248 e-flex e-con-boxed e-con e-parent\" data-id=\"d77e248\" data-element_type=\"container\" data-e-type=\"container\">\n\t\t\t\t\t<div class=\"e-con-inner\">\n\t\t\t\t<div class=\"elementor-element elementor-element-2271aa1 elementor-absolute elementor-hidden-mobile elementor-widget elementor-widget-heading\" data-id=\"2271aa1\" data-element_type=\"widget\" data-e-type=\"widget\" data-settings=\"{&quot;_position&quot;:&quot;absolute&quot;}\" data-widget_type=\"heading.default\">\n\t\t\t\t\t<h2 class=\"elementor-heading-title elementor-size-default\">Noticias e novidades<\/h2>\t\t\t\t<\/div>\n\t\t\t\t<div class=\"elementor-element elementor-element-b1899cb elementor-absolute elementor-hidden-desktop elementor-widget elementor-widget-heading\" data-id=\"b1899cb\" data-element_type=\"widget\" data-e-type=\"widget\" data-settings=\"{&quot;_position&quot;:&quot;absolute&quot;}\" data-widget_type=\"heading.default\">\n\t\t\t\t\t<h4 class=\"elementor-heading-title elementor-size-default\">Noticias e novidades<\/h4>\t\t\t\t<\/div>\n\t\t\t\t<div class=\"elementor-element elementor-element-1c888c2 elementor-absolute elementor-hidden-tablet elementor-hidden-mobile elementor-widget elementor-widget-heading\" data-id=\"1c888c2\" data-element_type=\"widget\" data-e-type=\"widget\" data-settings=\"{&quot;_position&quot;:&quot;absolute&quot;}\" data-widget_type=\"heading.default\">\n\t\t\t\t\t<h2 class=\"elementor-heading-title elementor-size-default\">Sobre salgados<\/h2>\t\t\t\t<\/div>\n\t\t\t\t<div class=\"elementor-element elementor-element-1615383 elementor-absolute elementor-hidden-desktop elementor-widget elementor-widget-heading\" data-id=\"1615383\" data-element_type=\"widget\" data-e-type=\"widget\" data-settings=\"{&quot;_position&quot;:&quot;absolute&quot;}\" data-widget_type=\"heading.default\">\n\t\t\t\t\t<h2 class=\"elementor-heading-title elementor-size-default\">Sobre salgados<\/h2>\t\t\t\t<\/div>\n\t\t\t\t<div class=\"elementor-element elementor-element-3319218 elementor-widget__width-inherit elementor-widget-mobile__width-initial elementor-widget elementor-widget-image\" data-id=\"3319218\" data-element_type=\"widget\" data-e-type=\"widget\" data-widget_type=\"image.default\">\n\t\t\t\t\t\t\t\t\t\t\t\t\t\t\t<img decoding=\"async\" src=\"https:\/\/nortecoxinha.com.br\/blog\/wp-content\/uploads\/2026\/03\/Design-sem-nome-35.webp\" title=\"Design sem nome (35)\" alt=\"Blog norte coxinha\" loading=\"lazy\" \/>\t\t\t\t\t\t\t\t\t\t\t\t\t\t\t<\/div>\n\t\t\t\t<div class=\"elementor-element elementor-element-3569fb8 elementor-align-center elementor-absolute elementor-widget elementor-widget-button\" data-id=\"3569fb8\" data-element_type=\"widget\" data-e-type=\"widget\" data-settings=\"{&quot;_position&quot;:&quot;absolute&quot;}\" data-widget_type=\"button.default\">\n\t\t\t\t\t\t\t\t\t\t<a class=\"elementor-button elementor-button-link elementor-size-sm\" href=\"https:\/\/nortecoxinha.com.br\/\">\n\t\t\t\t\t\t<span class=\"elementor-button-content-wrapper\">\n\t\t\t\t\t\t\t\t\t<span class=\"elementor-button-text\">Visite o site<\/span>\n\t\t\t\t\t<\/span>\n\t\t\t\t\t<\/a>\n\t\t\t\t\t\t\t\t<\/div>\n\t\t\t\t\t<\/div>\n\t\t\t\t<\/div>\n\t\t<div class=\"elementor-element elementor-element-b9eb45d e-flex e-con-boxed e-con e-parent\" data-id=\"b9eb45d\" data-element_type=\"container\" data-e-type=\"container\">\n\t\t\t\t\t<div class=\"e-con-inner\">\n\t\t\t\t<div class=\"elementor-element elementor-element-15a7c24 elementor-widget-divider--view-line elementor-widget elementor-widget-divider\" data-id=\"15a7c24\" data-element_type=\"widget\" data-e-type=\"widget\" data-widget_type=\"divider.default\">\n\t\t\t\t\t\t\t<div class=\"elementor-divider\">\n\t\t\t<span class=\"elementor-divider-separator\">\n\t\t\t\t\t\t<\/span>\n\t\t<\/div>\n\t\t\t\t\t\t<\/div>\n\t\t\t\t\t<\/div>\n\t\t\t\t<\/div>\n\t\t<div class=\"elementor-element elementor-element-72963d9 e-flex e-con-boxed e-con e-parent\" data-id=\"72963d9\" data-element_type=\"container\" data-e-type=\"container\">\n\t\t\t\t\t<div class=\"e-con-inner\">\n\t\t\t\t<div class=\"elementor-element elementor-element-b266793 elementor-grid-3 elementor-grid-tablet-2 elementor-grid-mobile-1 elementor-posts--thumbnail-top elementor-widget elementor-widget-posts\" data-id=\"b266793\" data-element_type=\"widget\" data-e-type=\"widget\" data-settings=\"{&quot;classic_columns&quot;:&quot;3&quot;,&quot;classic_columns_tablet&quot;:&quot;2&quot;,&quot;classic_columns_mobile&quot;:&quot;1&quot;,&quot;classic_row_gap&quot;:{&quot;unit&quot;:&quot;px&quot;,&quot;size&quot;:35,&quot;sizes&quot;:[]},&quot;classic_row_gap_tablet&quot;:{&quot;unit&quot;:&quot;px&quot;,&quot;size&quot;:&quot;&quot;,&quot;sizes&quot;:[]},&quot;classic_row_gap_mobile&quot;:{&quot;unit&quot;:&quot;px&quot;,&quot;size&quot;:&quot;&quot;,&quot;sizes&quot;:[]}}\" data-widget_type=\"posts.classic\">\n\t\t\t\t<div class=\"elementor-widget-container\">\n\t\t\t\t\t\t\t<div class=\"elementor-posts-container elementor-posts elementor-posts--skin-classic elementor-grid\" role=\"list\">\n\t\t\t\t<article class=\"elementor-post elementor-grid-item post-338 post type-post status-publish format-standard has-post-thumbnail hentry category-dicas\" role=\"listitem\">\n\t\t\t\t<a class=\"elementor-post__thumbnail__link\" href=\"https:\/\/nortecoxinha.com.br\/blog\/mini-salgados-por-que-eles-sao-a-alma-de-qualquer-celebracao\/\" tabindex=\"-1\" >\n\t\t\t<div class=\"elementor-post__thumbnail\"><img decoding=\"async\" width=\"300\" height=\"120\" src=\"https:\/\/nortecoxinha.com.br\/blog\/wp-content\/uploads\/2026\/03\/Design-sem-nome-33-300x120.webp\" class=\"attachment-medium size-medium wp-image-339\" alt=\"Toda festa merece Norte coxinha\" srcset=\"https:\/\/nortecoxinha.com.br\/blog\/wp-content\/uploads\/2026\/03\/Design-sem-nome-33-300x120.webp 300w, https:\/\/nortecoxinha.com.br\/blog\/wp-content\/uploads\/2026\/03\/Design-sem-nome-33-1024x410.webp 1024w, https:\/\/nortecoxinha.com.br\/blog\/wp-content\/uploads\/2026\/03\/Design-sem-nome-33-768x307.webp 768w, https:\/\/nortecoxinha.com.br\/blog\/wp-content\/uploads\/2026\/03\/Design-sem-nome-33.webp 1250w\" sizes=\"(max-width: 300px) 100vw, 300px\" \/><\/div>\n\t\t<\/a>\n\t\t\t\t<div class=\"elementor-post__text\">\n\t\t\t\t<h3 class=\"elementor-post__title\">\n\t\t\t<a href=\"https:\/\/nortecoxinha.com.br\/blog\/mini-salgados-por-que-eles-sao-a-alma-de-qualquer-celebracao\/\" >\n\t\t\t\tMini Salgados: Por Que Eles S\u00e3o a Alma de Qualquer Celebra\u00e7\u00e3o?\t\t\t<\/a>\n\t\t<\/h3>\n\t\t\t\t<div class=\"elementor-post__meta-data\">\n\t\t\t\t\t<span class=\"elementor-post-date\">\n\t\t\tmar\u00e7o 13, 2026\t\t<\/span>\n\t\t\t\t<\/div>\n\t\t\t\t<div class=\"elementor-post__excerpt\">\n\t\t\t<p>Todos aman coxinha! Voc\u00ea j\u00e1 entrou em uma festa, sentiu aquele aroma irresist\u00edvel de fritura fresquinha ou de massa assada e sentiu um al\u00edvio imediato?<\/p>\n\t\t<\/div>\n\t\t\n\t\t<a class=\"elementor-post__read-more\" href=\"https:\/\/nortecoxinha.com.br\/blog\/mini-salgados-por-que-eles-sao-a-alma-de-qualquer-celebracao\/\" aria-label=\"Read more about Mini Salgados: Por Que Eles S\u00e3o a Alma de Qualquer Celebra\u00e7\u00e3o?\" tabindex=\"-1\" >\n\t\t\tLeia mais \u00bb\t\t<\/a>\n\n\t\t\t\t<\/div>\n\t\t\t\t<\/article>\n\t\t\t\t<article class=\"elementor-post elementor-grid-item post-335 post type-post status-publish format-standard has-post-thumbnail hentry category-dicas\" role=\"listitem\">\n\t\t\t\t<a class=\"elementor-post__thumbnail__link\" href=\"https:\/\/nortecoxinha.com.br\/blog\/reaquecer-salgados-fritos-no-forno\/\" tabindex=\"-1\" >\n\t\t\t<div class=\"elementor-post__thumbnail\"><img decoding=\"async\" width=\"300\" height=\"120\" src=\"https:\/\/nortecoxinha.com.br\/blog\/wp-content\/uploads\/2026\/03\/mabita-salgados-6-1024x410-1-300x120.jpg\" class=\"attachment-medium size-medium wp-image-336\" alt=\"aquecer salgadis no forno\" srcset=\"https:\/\/nortecoxinha.com.br\/blog\/wp-content\/uploads\/2026\/03\/mabita-salgados-6-1024x410-1-300x120.jpg 300w, https:\/\/nortecoxinha.com.br\/blog\/wp-content\/uploads\/2026\/03\/mabita-salgados-6-1024x410-1-768x308.jpg 768w, https:\/\/nortecoxinha.com.br\/blog\/wp-content\/uploads\/2026\/03\/mabita-salgados-6-1024x410-1.jpg 1024w\" sizes=\"(max-width: 300px) 100vw, 300px\" \/><\/div>\n\t\t<\/a>\n\t\t\t\t<div class=\"elementor-post__text\">\n\t\t\t\t<h3 class=\"elementor-post__title\">\n\t\t\t<a href=\"https:\/\/nortecoxinha.com.br\/blog\/reaquecer-salgados-fritos-no-forno\/\" >\n\t\t\t\tReaquecer Salgados Fritos no Forno\t\t\t<\/a>\n\t\t<\/h3>\n\t\t\t\t<div class=\"elementor-post__meta-data\">\n\t\t\t\t\t<span class=\"elementor-post-date\">\n\t\t\tmar\u00e7o 13, 2026\t\t<\/span>\n\t\t\t\t<\/div>\n\t\t\t\t<div class=\"elementor-post__excerpt\">\n\t\t\t<p>Como Reaquecer Salgados Fritos no Forno: Croc\u00e2ncia Garantida Praticidade \u00e9 a chave. Sobraram alguns deliciosos salgados fritos da festa ou daquele lanche especial? Em vez<\/p>\n\t\t<\/div>\n\t\t\n\t\t<a class=\"elementor-post__read-more\" href=\"https:\/\/nortecoxinha.com.br\/blog\/reaquecer-salgados-fritos-no-forno\/\" aria-label=\"Read more about Reaquecer Salgados Fritos no Forno\" tabindex=\"-1\" >\n\t\t\tLeia mais \u00bb\t\t<\/a>\n\n\t\t\t\t<\/div>\n\t\t\t\t<\/article>\n\t\t\t\t<article class=\"elementor-post elementor-grid-item post-20 post type-post status-publish format-standard has-post-thumbnail hentry category-dicas\" role=\"listitem\">\n\t\t\t\t<a class=\"elementor-post__thumbnail__link\" href=\"https:\/\/nortecoxinha.com.br\/blog\/como-calcular-mini-salgados-por-pessoa-o-guia-definitivo-10g\/\" tabindex=\"-1\" >\n\t\t\t<div class=\"elementor-post__thumbnail\"><img decoding=\"async\" width=\"300\" height=\"120\" src=\"https:\/\/nortecoxinha.com.br\/blog\/wp-content\/uploads\/2026\/03\/Design-sem-nome-30-300x120.webp\" class=\"attachment-medium size-medium wp-image-21\" alt=\"Como calcular quantidade de salgados por pessoa\" srcset=\"https:\/\/nortecoxinha.com.br\/blog\/wp-content\/uploads\/2026\/03\/Design-sem-nome-30-300x120.webp 300w, https:\/\/nortecoxinha.com.br\/blog\/wp-content\/uploads\/2026\/03\/Design-sem-nome-30-600x240.webp 600w, https:\/\/nortecoxinha.com.br\/blog\/wp-content\/uploads\/2026\/03\/Design-sem-nome-30-1024x410.webp 1024w, https:\/\/nortecoxinha.com.br\/blog\/wp-content\/uploads\/2026\/03\/Design-sem-nome-30-768x307.webp 768w, https:\/\/nortecoxinha.com.br\/blog\/wp-content\/uploads\/2026\/03\/Design-sem-nome-30.webp 1250w\" sizes=\"(max-width: 300px) 100vw, 300px\" \/><\/div>\n\t\t<\/a>\n\t\t\t\t<div class=\"elementor-post__text\">\n\t\t\t\t<h3 class=\"elementor-post__title\">\n\t\t\t<a href=\"https:\/\/nortecoxinha.com.br\/blog\/como-calcular-mini-salgados-por-pessoa-o-guia-definitivo-10g\/\" >\n\t\t\t\tComo calcular mini salgados por pessoa: O Guia Definitivo (10g)\t\t\t<\/a>\n\t\t<\/h3>\n\t\t\t\t<div class=\"elementor-post__meta-data\">\n\t\t\t\t\t<span class=\"elementor-post-date\">\n\t\t\tmar\u00e7o 13, 2026\t\t<\/span>\n\t\t\t\t<\/div>\n\t\t\t\t<div class=\"elementor-post__excerpt\">\n\t\t\t<p>Organizar uma festa \u00e9 um ato de carinho, mas a matem\u00e1tica por tr\u00e1s do buffet pode se tornar um verdadeiro pesadelo para os anfitri\u00f5es. A<\/p>\n\t\t<\/div>\n\t\t\n\t\t<a class=\"elementor-post__read-more\" href=\"https:\/\/nortecoxinha.com.br\/blog\/como-calcular-mini-salgados-por-pessoa-o-guia-definitivo-10g\/\" aria-label=\"Read more about Como calcular mini salgados por pessoa: O Guia Definitivo (10g)\" tabindex=\"-1\" >\n\t\t\tLeia mais \u00bb\t\t<\/a>\n\n\t\t\t\t<\/div>\n\t\t\t\t<\/article>\n\t\t\t\t<\/div>\n\t\t\n\t\t\t\t\t\t<\/div>\n\t\t\t\t<\/div>\n\t\t\t\t\t<\/div>\n\t\t\t\t<\/div>\n\t\t\t\t<\/div>\n\t\t","protected":false},"excerpt":{"rendered":"<p>Noticias e novidades Noticias e novidades Sobre salgados Sobre salgados Visite o site<\/p>\n","protected":false},"author":1,"featured_media":0,"parent":0,"menu_order":0,"comment_status":"closed","ping_status":"closed","template":"","meta":{"footnotes":""},"class_list":["post-195","page","type-page","status-publish","hentry"],"_links":{"self":[{"href":"https:\/\/nortecoxinha.com.br\/blog\/wp-json\/wp\/v2\/pages\/195","targetHints":{"allow":["GET"]}}],"collection":[{"href":"https:\/\/nortecoxinha.com.br\/blog\/wp-json\/wp\/v2\/pages"}],"about":[{"href":"https:\/\/nortecoxinha.com.br\/blog\/wp-json\/wp\/v2\/types\/page"}],"author":[{"embeddable":true,"href":"https:\/\/nortecoxinha.com.br\/blog\/wp-json\/wp\/v2\/users\/1"}],"replies":[{"embeddable":true,"href":"https:\/\/nortecoxinha.com.br\/blog\/wp-json\/wp\/v2\/comments?post=195"}],"version-history":[{"count":121,"href":"https:\/\/nortecoxinha.com.br\/blog\/wp-json\/wp\/v2\/pages\/195\/revisions"}],"predecessor-version":[{"id":389,"href":"https:\/\/nortecoxinha.com.br\/blog\/wp-json\/wp\/v2\/pages\/195\/revisions\/389"}],"wp:attachment":[{"href":"https:\/\/nortecoxinha.com.br\/blog\/wp-json\/wp\/v2\/media?parent=195"}],"curies":[{"name":"wp","href":"https:\/\/api.w.org\/{rel}","templated":true}]}}